{"id":444,"date":"2026-02-10T11:26:09","date_gmt":"2026-02-10T10:26:09","guid":{"rendered":"https:\/\/product3d.fr\/?post_type=product&#038;p=444"},"modified":"2026-02-13T17:00:31","modified_gmt":"2026-02-13T16:00:31","slug":"444","status":"publish","type":"product","link":"https:\/\/product3d.fr\/index.php\/produit\/444\/","title":{"rendered":"Vase au visage"},"content":{"rendered":"<p>Vase moderne et design en mat\u00e9riaux biosourc\u00e9 (Acide Polylactique).<br \/>\nParfait pour accueillir une succulente ou un cactus.<\/p>\n<p>2 tailles possible :<\/p>\n<ul>\n<li>Petit environ 60mm de haut<\/li>\n<li>Grand environ 100mm de haut<\/li>\n<\/ul>\n<p>Fabrication dans notre atelier dans le Doubs (25)<\/p>\n","protected":false},"excerpt":{"rendered":"<p>Vase moderne et d\u00e9sign en mat\u00e9riaux biosourc\u00e9 (Acide Polylactique) pour succulente ou cactus<\/p>\n","protected":false},"featured_media":466,"comment_status":"open","ping_status":"closed","template":"","meta":[],"product_brand":[],"product_cat":[25],"product_tag":[],"class_list":{"0":"post-444","1":"product","2":"type-product","3":"status-publish","4":"has-post-thumbnail","6":"product_cat-decoration","7":"product_shipping_class-colis-encombrant","9":"first","10":"instock","11":"shipping-taxable","12":"purchasable","13":"product-type-variable"},"exclude_global_add_ons":[],"addons":[],"jetpack_sharing_enabled":true,"_links":{"self":[{"href":"https:\/\/product3d.fr\/index.php\/wp-json\/wp\/v2\/product\/444","targetHints":{"allow":["GET"]}}],"collection":[{"href":"https:\/\/product3d.fr\/index.php\/wp-json\/wp\/v2\/product"}],"about":[{"href":"https:\/\/product3d.fr\/index.php\/wp-json\/wp\/v2\/types\/product"}],"replies":[{"embeddable":true,"href":"https:\/\/product3d.fr\/index.php\/wp-json\/wp\/v2\/comments?post=444"}],"wp:featuredmedia":[{"embeddable":true,"href":"https:\/\/product3d.fr\/index.php\/wp-json\/wp\/v2\/media\/466"}],"wp:attachment":[{"href":"https:\/\/product3d.fr\/index.php\/wp-json\/wp\/v2\/media?parent=444"}],"wp:term":[{"taxonomy":"product_brand","embeddable":true,"href":"https:\/\/product3d.fr\/index.php\/wp-json\/wp\/v2\/product_brand?post=444"},{"taxonomy":"product_cat","embeddable":true,"href":"https:\/\/product3d.fr\/index.php\/wp-json\/wp\/v2\/product_cat?post=444"},{"taxonomy":"product_tag","embeddable":true,"href":"https:\/\/product3d.fr\/index.php\/wp-json\/wp\/v2\/product_tag?post=444"}],"curies":[{"name":"wp","href":"https:\/\/api.w.org\/{rel}","templated":true}]}}